en 8718 is divided by 211?
67
Calculate the remainder when 872 is divided by 287.
11
What is the remainder when 10941 is divided by 115?
16
Calculate the remainder when 18818 is divided by 1045.
8
What is the remainder when 2423818 is divided by 15?
13
Calculate the remainder when 7568 is divided by 49.
22
Calculate the remainder when 4046 is divided by 578.
0
What is the remainder when 2480586 is divided by 21?
3
Calculate the remainder when 1829 is divided by 168.
149
What is the remainder when 158184 is divided by 855?
9
What is the remainder when 3027 is divided by 684?
291
Calculate the remainder when 520995 is divided by 263.
255
What is the remainder when 11289 is divided by 806?
5
Calculate the remainder when 370249 is divided by 39.
22
What is the remainder when 2034 is divided by 137?
116
Calculate the remainder when 40637 is divided by 13.
12
What is the remainder when 536566 is divided by 178832?
70
What is the remainder when 80023 is divided by 15?
13
Calculate the remainder when 156158 is divided by 266.
16
What is the remainder when 6507 is divided by 51?
30
What is the remainder when 1788960 is divided by 447239?
4
Calculate the remainder when 194769 is divided by 21640.
9
What is the remainder when 69338 is divided by 139?
116
What is the remainder when 22655 is divided by 17?
11
Calculate the remainder when 123639 is divided by 136.
15
What is the remainder when 7071 is divided by 277?
146
What is the remainder when 13169 is divided by 155?
149
Calculate the remainder when 35133 is divided by 62.
41
Calculate the remainder when 9794 is divided by 361.
47
What is the remainder when 361 is divided by 27?
10
What is the remainder when 3123 is divided by 316?
279
What is the remainder when 1272 is divided by 13?
11
What is the remainder when 3343 is divided by 2049?
1294
What is the remainder when 282 is divided by 157?
125
What is the remainder when 8059 is divided by 67?
19
What is the remainder when 7546 is divided by 948?
910
Calculate the remainder when 41168 is divided by 10290.
8
What is the remainder when 13290 is divided by 23?
19
What is the remainder when 4003 is divided by 97?
26
Calculate the remainder when 23627 is divided by 22.
21
Calculate the remainder when 398267 is divided by 111.
110
Calculate the remainder when 104688 is divided by 2.
0
Calculate the remainder when 183608 is divided by 70.
68
What is the remainder when 154558 is divided by 136?
62
Calculate the remainder when 646 is divided by 618.
28
What is the remainder when 1865 is divided by 38?
3
Calculate the remainder when 9353 is divided by 8.
1
What is the remainder when 1021 is divided by 134?
83
Calculate the remainder when 885083 is divided by 23.
20
Calculate the remainder when 21586 is divided by 262.
102
Calculate the remainder when 1417638 is divided by 1309.
1300
What is the remainder when 6947997 is divided by 720?
717
What is the remainder when 3364 is divided by 869?
757
What is the remainder when 4459 is divided by 2188?
83
Calculate the remainder when 5597 is divided by 1218.
725
What is the remainder when 2413 is divided by 578?
101
Calculate the remainder when 15558 is divided by 15502.
56
Calculate the remainder when 104245 is divided by 10.
5
What is the remainder when 29578 is divided by 60?
58
What is the remainder when 346173 is divided by 397?
386
What is the remainder when 25004 is divided by 168?
140
What is the remainder when 81665 is divided by 13?
12
What is the remainder when 12365 is divided by 12364?
1
Calculate the remainder when 23737 is divided by 113.
7
What is the remainder when 27408 is divided by 833?
752
Calculate the remainder when 5353 is divided by 911.
798
Calculate the remainder when 113611 is divided by 1578.
1573
Calculate the remainder when 234585 is divided by 226.
223
What is the remainder when 296043 is divided by 37002?
27
Calculate the remainder when 8453 is divided by 46.
35
Calculate the remainder when 6412 is divided by 2133.
13
What is the remainder when 959588 is divided by 3?
2
What is the remainder when 2290 is divided by 64?
50
Calculate the remainder when 2447 is divided by 985.
477
What is the remainder when 8961 is divided by 45?
6
What is the remainder when 75297 is divided by 154?
145
What is the remainder when 2460 is divided by 9?
3
What is the remainder when 20815 is divided by 947?
928
What is the remainder when 44695 is divided by 11166?
31
What is the remainder when 2417 is divided by 1045?
327
Calculate the remainder when 1212135 is divided by 54.
51
Calculate the remainder when 75987 is divided by 166.
125
Calculate the remainder when 520 is divided by 162.
34
Calculate the remainder when 48942 is divided by 4049.
354
What is the remainder when 2800 is divided by 1846?
954
What is the remainder when 4954 is divided by 228?
166
What is the remainder when 53506 is divided by 39?
37
Calculate the remainder when 102526 is divided by 1367.
1
What is the remainder when 79456 is divided by 39723?
10
Calculate the remainder when 2995 is divided by 2986.
9
Calculate the remainder when 29145 is divided by 12.
9
What is the remainder when 89691 is divided by 808?
3
Calculate the remainder when 145814 is divided by 18225.
14
What is the remainder when 108402 is divided by 43?
42
What is the remainder when 31922 is divided by 1140?
2
What is the remainder when 9849 is divided by 9831?
18
What is the remainder when 16305 is divided by 14?
9
What is the remainder when 182063 is divided by 771?
107
What is the remainder when 17515 is divided by 17428?
87
What is the remainder when 448377 is divided by 470?
467
Calculate the remainder when 38311 is divided by 54.
25
What is the remainder when 437 is divided by 210?
17
What is the remainder when 1984 is divided by 300?
184
Calculate the remainder when 205351 is divided by 2139.
7
What is the remainder when 2391 is divided by 2298?
93
Calculate the remainder when 2165 is divided by 20.
5
Calculate the remainder when 39062 is divided by 13015.
17
What is the remainder when 9796 is divided by 1632?
4
Calculate the remainder when 9415 is divided by 1883.
0
Calculate the remainder when 46114 is divided by 61.
59
Calculate the remainder when 4718 is divided by 2351.
16
Calculate the remainder when 1427 is divided by 107.
36
Calculate the remainder when 2020 is divided by 289.
286
What is the remainder when 6234 is divided by 1550?
34
Calculate the remainder when 96866 is divided by 31.
22
Calculate the remainder when 46837 is divided by 4257.
10
Calculate the remainder when 1727 is divided by 38.
17
Calculate the remainder when 29212 is divided by 141.
25
Calculate the remainder when 21000 is divided by 913.
1
Calculate the remainder when 8720 is divided by 84.
68
What is the remainder when 119366 is divided by 23872?
6
Calculate the remainder when 15187 is divided by 4875.
562
What is the remainder when 7262 is divided by 7239?
23
Calculate the remainder when 34150 is divided by 34128.
22
Calculate the remainder when 3634 is divided by 74.
8
What is the remainder when 5323 is divided by 48?
43
What is the remainder when 30627 is divided by 4?
3
Calculate the remainder when 21668 is divided by 31.
30
Calculate the remainder when 19716 is divided by 58.
54
Calculate the remainder when 1157 is divided by 357.
86
Calculate the remainder when 278981 is divided by 344.
341
What is the remainder when 1884048 is divided by 113?
112
What is the remainder when 7697 is divided by 77?
74
Calculate the remainder when 241852 is divided by 87.
79
What is the remainder when 129519 is divided by 118?
73
Calculate the remainder when 73702 is divided by 26.
18
Calculate the remainder when 4044 is divided by 7.
5
Calculate the remainder when 325818 is divided by 450.
18
What is the remainder when 534216 is divided by 807?
789
Calculate the remainder when 3070 is divided by 99.
1
Calculate the remainder when 2027 is divided by 984.
59
What is the remainder when 8864 is divided by 991?
936
Calculate the remainder when 2210 is divided by 364.
26
What is the remainder when 3476 is divided by 867?
8
Calculate the remainder when 10 is divided by 7.
3
What is the remainder when 138481 is divided by 582?
547
Calculate the remainder when 5688 is divided by 444.
360
Calculate